{"id":49,"date":"2025-05-04T07:42:20","date_gmt":"2025-05-04T07:42:20","guid":{"rendered":"https:\/\/singlotipollastre.com\/?page_id=49"},"modified":"2025-05-04T18:17:58","modified_gmt":"2025-05-04T18:17:58","slug":"nosaltres","status":"publish","type":"page","link":"https:\/\/singlotipollastre.com\/?page_id=49","title":{"rendered":"Nosaltres"},"content":{"rendered":"\t\t<div data-elementor-type=\"wp-page\" data-elementor-id=\"49\" class=\"elementor elementor-49\">\n\t\t\t\t<div class=\"elementor-element elementor-element-8d65e2d e-flex e-con-boxed e-con e-parent\" data-id=\"8d65e2d\" data-element_type=\"container\">\n\t\t\t\t\t<div class=\"e-con-inner\">\n\t\t\t\t<div class=\"elementor-element elementor-element-556970f elementor-widget elementor-widget-heading\" data-id=\"556970f\" data-element_type=\"widget\" data-widget_type=\"heading.default\">\n\t\t\t\t<div class=\"elementor-widget-container\">\n\t\t\t\t\t<h1 class=\"elementor-heading-title elementor-size-default\">Nosaltres<\/h1>\t\t\t\t<\/div>\n\t\t\t\t<\/div>\n\t\t\t\t\t<\/div>\n\t\t\t\t<\/div>\n\t\t<div class=\"elementor-element elementor-element-a7ac85c e-flex e-con-boxed e-con e-parent\" data-id=\"a7ac85c\" data-element_type=\"container\">\n\t\t\t\t\t<div class=\"e-con-inner\">\n\t\t\t\t<div class=\"elementor-element elementor-element-20d8978 elementor-widget elementor-widget-text-editor\" data-id=\"20d8978\" data-element_type=\"widget\" data-widget_type=\"text-editor.default\">\n\t\t\t\t<div class=\"elementor-widget-container\">\n\t\t\t\t\t\t\t\t\t<p>L&#8217;home \u00e9s inconsitent; els mortals ho hem sabut des de sempre, per\u00f2 ens hem entestat a trobar una fermesa que, una i altra vegada, se&#8217;ns ha esfumat, i llavors ens hem inventat un m\u00e9s enll\u00e0 (diferent segons les necessitats del moment) per salvar-nos de la mis\u00e8ria en qu\u00e8 ens trobem irremeiablement instal\u00b7lats. L&#8217;home \u00e9s inconsistent, i davant d&#8217;aix\u00f2 tenim dues opcions: o b\u00e9 seguim negant les evid\u00e8ncies i ens inventem nous d\u00e9us, o b\u00e9 assumim la nostra mis\u00e8ria com si es tract\u00e9s d&#8217;una bona nova. A <strong>Singlot i pollastre\u00a0<\/strong>sempre hem volgut fer aix\u00f2: no tan sols acceptar la nostra condici\u00f3 ru\u00efnosa, sin\u00f3 celebrar-la cantant, ballant i bevent cervesa amb amics, familiars, coneguts i desconeguts.\u00a0<\/p><p>El <strong>primer espectacle<\/strong> que presentem es titula\u00a0<strong><em>Titanic<\/em><\/strong>, i aquest t\u00edtol t\u00e9 un doble sentit: d&#8217;una banda, la vida incorre sempre en la insol\u00e8ncia de creure&#8217;s estable, consistent, perp\u00e8tua&#8230; \u00bfQuines pretensions, si no unes de tan desmesurades, mereixerien l&#8217;apel\u00b7latiu de \u00abtit\u00e0niques\u00bb? D&#8217;altra banda, com el barco que descansa al fons de l&#8217;oce\u00e0, \u00bfno \u00e9s precisament el dest\u00ed de la sup\u00e8rbia humana enfonsar-se sense remei all\u00e0 on no hi arriben els rajos del sol?\u00a0<\/p><p>De qu\u00e8 parla, <strong><em>Titanic<\/em><\/strong>, m\u00e9s concretament? A la vida neixes i primer no penses res, per\u00f2 despr\u00e9s et vas creient que ets alg\u00fa i que far\u00e0s alguna cosa. Dediques molt de temps a conv\u00e8ncer els altres que ets alg\u00fa, i fas coses per deixar-ne const\u00e0ncia: escrius, pintes, graves coses, et fas fotos&#8230; per\u00f2 sobretot intentes enamorar els altres fent ganyotes controlades, mirades seductores, gestos misteriosos, com insinuant que all\u00e0 dins hi ha alg\u00fa real. L&#8217;amor tamb\u00e9 s\u00f3n dues persones que s&#8217;intenten conv\u00e8ncer a si mateixes que s\u00f3n alg\u00fa, i que gasten bona part del seu temps intentant conv\u00e8ncer els altres que s\u00f3n alg\u00fa, i en deixen const\u00e0ncia: es casen, tenen fills, es fan fotos&#8230; i en algun moment de la relaci\u00f3 comencen a notar que s&#8217;han perdut a si mateixes i es reivindiquen davant de l&#8217;altre. Llavors se separen i la roda torna a comen\u00e7ar. Passades unes quantes voltes, ens morim. <strong><em>Titanic<\/em><\/strong> \u00e9s aquest circuit tancat, aquest esfor\u00e7 per conv\u00e8ncer els altres i a un mateix de la pr\u00f2pia consist\u00e8ncia, per\u00f2 sobretot \u00e9s la inconsist\u00e8ncia que rellueix darrere: no caldria tenir tants miraments si realment f\u00f3ssim alg\u00fa.\u00a0<\/p><p>\u00a0<\/p>\t\t\t\t\t\t\t\t<\/div>\n\t\t\t\t<\/div>\n\t\t\t\t\t<\/div>\n\t\t\t\t<\/div>\n\t\t\t\t<\/div>\n\t\t","protected":false},"excerpt":{"rendered":"<p>Nosaltres L&#8217;home \u00e9s inconsitent; els mortals ho hem sabut des de sempre, per\u00f2 ens hem entestat a trobar una fermesa [&hellip;]<\/p>\n","protected":false},"author":1,"featured_media":0,"parent":0,"menu_order":0,"comment_status":"closed","ping_status":"closed","template":"","meta":{"site-sidebar-layout":"no-sidebar","site-content-layout":"","ast-site-content-layout":"full-width-container","site-content-style":"default","site-sidebar-style":"default","ast-global-header-display":"","ast-banner-title-visibility":"","ast-main-header-display":"","ast-hfb-above-header-display":"","ast-hfb-below-header-display":"","ast-hfb-mobile-header-display":"","site-post-title":"disabled","ast-breadcrumbs-content":"","ast-featured-img":"disabled","footer-sml-layout":"","ast-disable-related-posts":"","theme-transparent-header-meta":"","adv-header-id-meta":"","stick-header-meta":"","header-above-stick-meta":"","header-main-stick-meta":"","header-below-stick-meta":"","astra-migrate-meta-layouts":"default","ast-page-background-enabled":"default","ast-page-background-meta":{"desktop":{"background-color":"var(--ast-global-color-5)","background-image":"","background-repeat":"repeat","background-position":"center center","background-size":"auto","background-attachment":"scroll","background-type":"","background-media":"","overlay-type":"","overlay-color":"","overlay-opacity":"","overlay-gradient":""},"tablet":{"background-color":"","background-image":"","background-repeat":"repeat","background-position":"center center","background-size":"auto","background-attachment":"scroll","background-type":"","background-media":"","overlay-type":"","overlay-color":"","overlay-opacity":"","overlay-gradient":""},"mobile":{"background-color":"","background-image":"","background-repeat":"repeat","background-position":"center center","background-size":"auto","background-attachment":"scroll","background-type":"","background-media":"","overlay-type":"","overlay-color":"","overlay-opacity":"","overlay-gradient":""}},"ast-content-background-meta":{"desktop":{"background-color":"var(--ast-global-color-4)","background-image":"","background-repeat":"repeat","background-position":"center center","background-size":"auto","background-attachment":"scroll","background-type":"","background-media":"","overlay-type":"","overlay-color":"","overlay-opacity":"","overlay-gradient":""},"tablet":{"background-color":"var(--ast-global-color-4)","background-image":"","background-repeat":"repeat","background-position":"center center","background-size":"auto","background-attachment":"scroll","background-type":"","background-media":"","overlay-type":"","overlay-color":"","overlay-opacity":"","overlay-gradient":""},"mobile":{"background-color":"var(--ast-global-color-4)","background-image":"","background-repeat":"repeat","background-position":"center center","background-size":"auto","background-attachment":"scroll","background-type":"","background-media":"","overlay-type":"","overlay-color":"","overlay-opacity":"","overlay-gradient":""}},"footnotes":""},"class_list":["post-49","page","type-page","status-publish","hentry"],"_links":{"self":[{"href":"https:\/\/singlotipollastre.com\/index.php?rest_route=\/wp\/v2\/pages\/49","targetHints":{"allow":["GET"]}}],"collection":[{"href":"https:\/\/singlotipollastre.com\/index.php?rest_route=\/wp\/v2\/pages"}],"about":[{"href":"https:\/\/singlotipollastre.com\/index.php?rest_route=\/wp\/v2\/types\/page"}],"author":[{"embeddable":true,"href":"https:\/\/singlotipollastre.com\/index.php?rest_route=\/wp\/v2\/users\/1"}],"replies":[{"embeddable":true,"href":"https:\/\/singlotipollastre.com\/index.php?rest_route=%2Fwp%2Fv2%2Fcomments&post=49"}],"version-history":[{"count":7,"href":"https:\/\/singlotipollastre.com\/index.php?rest_route=\/wp\/v2\/pages\/49\/revisions"}],"predecessor-version":[{"id":190,"href":"https:\/\/singlotipollastre.com\/index.php?rest_route=\/wp\/v2\/pages\/49\/revisions\/190"}],"wp:attachment":[{"href":"https:\/\/singlotipollastre.com\/index.php?rest_route=%2Fwp%2Fv2%2Fmedia&parent=49"}],"curies":[{"name":"wp","href":"https:\/\/api.w.org\/{rel}","templated":true}]}}